 are the prime factors of 3353124?
2, 3, 23, 12149
What are the prime factors of 3562573?
7, 101, 5039
List the prime factors of 165465.
3, 5, 3677
What are the prime factors of 1605443?
7, 19, 12071
List the prime factors of 1439011.
7, 241, 853
List the prime factors of 2689956.
2, 3, 24907
What are the prime factors of 11424310?
2, 5, 1142431
What are the prime factors of 472954?
2, 236477
List the prime factors of 269218.
2, 134609
What are the prime factors of 19865662?
2, 1693, 5867
What are the prime factors of 228720?
2, 3, 5, 953
What are the prime factors of 1403582?
2, 701791
What are the prime factors of 10215618?
2, 3, 7, 34747
What are the prime factors of 177131?
177131
List the prime factors of 111134.
2, 181, 307
List the prime factors of 24376.
2, 11, 277
What are the prime factors of 3417195?
3, 5, 409, 557
List the prime factors of 286152.
2, 3, 11923
List the prime factors of 15442010.
2, 5, 1544201
What are the prime factors of 11425017?
3, 211, 18049
What are the prime factors of 592226?
2, 277, 1069
List the prime factors of 926046.
2, 3, 11, 1559
List the prime factors of 471612.
2, 3, 39301
What are the prime factors of 3755653?
11, 341423
List the prime factors of 6154392.
2, 3, 347, 739
List the prime factors of 1451031.
3, 41, 47, 251
What are the prime factors of 973895?
5, 13, 14983
List the prime factors of 13221416.
2, 13, 19, 6691
What are the prime factors of 3901971?
3, 359, 3623
List the prime factors of 232434.
2, 3, 37, 349
List the prime factors of 222675.
3, 5, 2969
List the prime factors of 2185716.
2, 3, 13, 14011
List the prime factors of 326522.
2, 7, 83, 281
List the prime factors of 465376.
2, 14543
List the prime factors of 38542600.
2, 5, 103, 1871
List the prime factors of 466128.
2, 3, 13, 83
List the prime factors of 1226830.
2, 5, 11, 19, 587
What are the prime factors of 294466?
2, 29, 5077
What are the prime factors of 2710145?
5, 631, 859
What are the prime factors of 1179428?
2, 89, 3313
List the prime factors of 19002948.
2, 3, 101, 15679
List the prime factors of 17591.
7, 359
What are the prime factors of 143291?
143291
List the prime factors of 10057769.
10057769
List the prime factors of 5933986.
2, 17, 37, 53, 89
What are the prime factors of 296671?
241, 1231
List the prime factors of 2823935.
5, 191, 2957
What are the prime factors of 6655449?
3, 17, 37, 3527
List the prime factors of 2631257.
29, 41, 2213
What are the prime factors of 1458836?
2, 37, 9857
What are the prime factors of 61316?
2, 15329
What are the prime factors of 8115906?
2, 3, 43, 83, 379
What are the prime factors of 21496214?
2, 23, 313, 1493
What are the prime factors of 489631?
489631
List the prime factors of 174293.
7, 3557
List the prime factors of 36804857.
29, 461, 2753
List the prime factors of 1264483.
11, 139, 827
What are the prime factors of 11791684?
2, 463, 6367
What are the prime factors of 1015609?
7, 29, 5003
List the prime factors of 291701.
291701
What are the prime factors of 16846790?
2, 5, 1684679
List the prime factors of 897186.
2, 3, 149531
What are the prime factors of 274418?
2, 137209
List the prime factors of 2949334.
2, 131, 11257
What are the prime factors of 690404?
2, 11, 13, 17, 71
List the prime factors of 604189.
604189
What are the prime factors of 4627163?
23, 8747
List the prime factors of 1471756.
2, 11, 13, 31, 83
What are the prime factors of 4790944?
2, 149717
What are the prime factors of 3400570?
2, 5, 340057
What are the prime factors of 54587?
13, 17, 19
List the prime factors of 65393.
65393
What are the prime factors of 248085?
3, 5, 37, 149
What are the prime factors of 2168618?
2, 1084309
What are the prime factors of 275012?
2, 197, 349
What are the prime factors of 18742995?
3, 5, 46279
List the prime factors of 43787.
43787
What are the prime factors of 2882943?
3, 7, 67, 683
List the prime factors of 2549423.
2549423
List the prime factors of 2071808.
2, 8093
List the prime factors of 65976.
2, 3, 2749
What are the prime factors of 837120?
2, 3, 5, 109
What are the prime factors of 7262442?
2, 3, 11, 43, 853
What are the prime factors of 563104?
2, 17597
What are the prime factors of 148673?
7, 67, 317
List the prime factors of 623561.
19, 37, 887
What are the prime factors of 469914?
2, 3, 17, 271
List the prime factors of 318519.
3, 47, 251
List the prime factors of 295123.
295123
What are the prime factors of 3054540?
2, 3, 5, 50909
List the prime factors of 221509.
221509
List the prime factors of 145917.
3, 31, 523
What are the prime factors of 36698881?
61, 281, 2141
List the prime factors of 2153449.
2153449
List the prime factors of 52189.
52189
What are the prime factors of 3118018?
2, 23, 67783
List the prime factors of 2154829.
2154829
What are the prime factors of 3375228?
2, 3, 73, 3853
What are the prime factors of 464052?
2, 3, 38671
What are the prime factors of 7344693?
3, 816077
What are the prime factors of 8201724?
2, 3, 683477
What are the prime factors of 101579?
157, 647
List the prime factors of 877042.
2, 438521
List the prime factors of 196575.
3, 5, 2621
What are the prime factors of 171595?
5, 34319
List the prime factors of 63149.
63149
List the prime factors of 712193.
593, 1201
What are the prime factors of 866638?
2, 433319
List the prime factors of 19636134.
2, 3, 7, 467527
List the prime factors of 502962.
2, 3, 17, 4931
List the prime factors of 2755325.
5, 307, 359
List the prime factors of 2018869.
17, 118757
List the prime factors of 643438.
2, 433, 743
What are the prime factors of 1930371?
3, 643457
What are the prime factors of 7108863?
3, 23, 269, 383
What are the prime factors of 560833?
7, 13, 6163
List the prime factors of 280885.
5, 11, 5107
What are the prime factors of 8744700?
2, 3, 5, 103, 283
List the prime factors of 4095657.
3, 17, 8923
List the prime factors of 392536.
2, 139, 353
What are the prime factors of 1000229?
17, 3461
What are the prime factors of 12613882?
2, 461, 13681
What are the prime factors of 355672?
2, 23, 1933
List the prime factors of 774859.
41, 18899
List the prime factors of 283501.
283501
List the prime factors of 5988938.
2, 2994469
What are the prime factors of 832126?
2, 29, 14347
What are the prime factors of 12948159?
3, 7, 616579
List the prime factors of 1663551.
3, 61613
What are the prime factors of 1384534?
2, 229, 3023
What are the prime factors of 269271?
3, 9973
List the prime factors of 12345178.
2, 131, 47119
What are the prime factors of 438982?
2, 219491
What are the prime factors of 258266?
2, 263, 491
What are the prime factors of 1101572?
2, 275393
What are the prime factors of 563151?
3, 29, 6473
List the prime factors of 3330379.
13, 241, 1063
List the prime factors of 2503886.
2, 7, 11, 71, 229
List the prime factors of 3092246.
2, 193, 8011
What are the prime factors of 3016980?
2, 3, 5, 37, 151
What are the prime factors of 43672?
2, 53, 103
What are the prime factors of 874560?
2, 3, 5, 911
What are the prime factors of 139968?
2, 3
What are the prime factors of 5703779?
47, 121357
What are the prime factors of 7721004?
2, 3, 449, 1433
What are the prime factors of 323717?
323717
List the prime factors of 6351579.
3, 13, 54287
List the prime factors of 2632477.
2632477
What are the prime factors of 8290568?
2, 11, 13, 7247
What are the prime factors of 296108?
2, 74027
List the prime factors of 919639.
7, 79, 1663
What are the prime factors of 19578648?
2, 3, 41, 101, 197
What are the prime factors of 6129055?
5, 503, 2437
What are the prime factors of 1401386?
2, 7, 31, 3229
List the prime factors of 2502802.
2, 691, 1811
List the prime factors of 302391.
3, 33599
What are the prime factors of 305185?
5, 67, 911
What are the prime factors of 344113?
7, 11, 41, 109
What are the prime factors of 390423?
3, 11, 11831
List the prime factors of 1185417.
3, 131713
List the prime factors of 26117129.
26117129
List the prime factors of 1618639.
11, 37, 41, 97
List the prime factors of 2022487.
2022487
List the prime factors of 14360788.
2, 13, 277, 997
What are the prime factors of 25628438?
2, 11, 67, 17387
What are the prime factors of 10745270?
2, 5, 43, 24989
What are the prime factors of 312031?
312031
List the prime factors of 121980.
2, 3, 5, 19, 